{"id":2369,"date":"2017-12-20T18:01:11","date_gmt":"2017-12-20T17:01:11","guid":{"rendered":"https:\/\/www.dolospedifen.ch\/?page_id=2369"},"modified":"2020-04-30T10:48:45","modified_gmt":"2020-04-30T08:48:45","slug":"maux-de-dos","status":"publish","type":"page","link":"https:\/\/www.dolospedifen.ch\/fr\/domaines-de-la-douleur\/maux-de-dos\/","title":{"rendered":"Maux de dos"},"content":{"rendered":"<div class=\"wpb-content-wrapper\">[vc_row css=\u00a0\u00bb.vc_custom_1513691470144{margin-top: 40px !important;}\u00a0\u00bb][vc_column css=\u00a0\u00bb.vc_custom_1513688629508{padding-bottom: 30px !important;background-color: #ffffff !important;}\u00a0\u00bb][mk_fancy_title tag_name=\u00a0\u00bbh1&Prime; color=\u00a0\u00bb#f58b26&Prime; size=\u00a0\u00bb34&Prime; font_weight=\u00a0\u00bb400&Prime; txt_transform=\u00a0\u00bbuppercase\u00a0\u00bb margin_top=\u00a0\u00bb15&Prime; margin_bottom=\u00a0\u00bb10&Prime; font_family=\u00a0\u00bbnone\u00a0\u00bb]Maux de dos[\/mk_fancy_title][mk_fancy_title color=\u00a0\u00bb#f58b26&Prime; size=\u00a0\u00bb16&Prime; font_weight=\u00a0\u00bb400&Prime; txt_transform=\u00a0\u00bbuppercase\u00a0\u00bb margin_bottom=\u00a0\u00bb10&Prime; font_family=\u00a0\u00bbnone\u00a0\u00bb]Qu\u2019est-ce que c\u2019est[\/mk_fancy_title][\/vc_column][\/vc_row][vc_row css=\u00a0\u00bb.vc_custom_1513780995783{margin-top: 0px !important;background-color: #ffffff !important;}\u00a0\u00bb][vc_column width=\u00a0\u00bb3\/4&Prime; css=\u00a0\u00bb.vc_custom_1513781003634{padding-bottom: 30px !important;}\u00a0\u00bb][vc_column_text css=\u00a0\u00bb.vc_custom_1514469605119{margin-bottom: 0px !important;}\u00a0\u00bb]Le mal de dos, ou lombalgie, est une douleur tr\u00e8s diffuse. En Suisse, c\u2019est l\u2019un des cinq motifs de consultation les plus fr\u00e9quents.<br \/>\nDes donn\u00e9es r\u00e9centes estiment que 80% de la population suisse souffre de maux de dos avec une fr\u00e9quence qui va de un \u00e9pisode par ann\u00e9e \u00e0 plusieurs \u00e9pisodes par semaine. Les femmes en souffrent plus souvent que les hommes et la pr\u00e9valence est plus \u00e9lev\u00e9e chez les personnes \u00e2g\u00e9es.[\/vc_column_text][\/vc_column][vc_column width=\u00a0\u00bb1\/4&Prime;][vc_single_image image=\u00a0\u00bb2933&Prime; img_size=\u00a0\u00bbfull\u00a0\u00bb alignment=\u00a0\u00bbcenter\u00a0\u00bb][\/vc_column][\/vc_row][vc_row css=\u00a0\u00bb.vc_custom_1513780995783{margin-top: 0px !important;background-color: #ffffff !important;}\u00a0\u00bb][vc_column css=\u00a0\u00bb.vc_custom_1513781003634{padding-bottom: 30px !important;}\u00a0\u00bb][mk_fancy_title color=\u00a0\u00bb#f58b26&Prime; size=\u00a0\u00bb16&Prime; font_weight=\u00a0\u00bb400&Prime; txt_transform=\u00a0\u00bbuppercase\u00a0\u00bb margin_top=\u00a0\u00bb15&Prime; margin_bottom=\u00a0\u00bb0&Prime; font_family=\u00a0\u00bbnone\u00a0\u00bb]Classification[\/mk_fancy_title][vc_column_text css=\u00a0\u00bb.vc_custom_1514469621895{margin-bottom: 0px !important;}\u00a0\u00bb]85% des cas de maux de dos ne sont pas li\u00e9s \u00e0 une cause pr\u00e9cise et peuvent \u00eatre consid\u00e9r\u00e9s comme b\u00e9nin. Les m\u00e9decins parlent de causes non sp\u00e9cifiques, comme par ex. des contractions musculaires du dos dues \u00e0 un effort, un manque d\u2019exercice physique, une mauvaise posture ou un style de vie s\u00e9dentaire. En effet, les muscles dorsaux se contractent en cas de surcharge ou s\u2019ils sont faibles. Le froid et les courants d\u2019air peuvent \u00e9galement provoquer ce genre de contractures musculaires.[\/vc_column_text][\/vc_column][\/vc_row][vc_row css=\u00a0\u00bb.vc_custom_1513780995783{margin-top: 0px !important;background-color: #ffffff !important;}\u00a0\u00bb][vc_column css=\u00a0\u00bb.vc_custom_1513781003634{padding-bottom: 30px !important;}\u00a0\u00bb][vc_column_text css=\u00a0\u00bb.vc_custom_1514469647887{margin-bottom: 0px !important;}\u00a0\u00bb]Les 15% restants sont par contre attribuables \u00e0 une\u00a0cause sp\u00e9cifique. Ces douleurs sont dues \u00e0 une modification structurelle de la colonne vert\u00e9brale ou \u00e0 une maladie et sont souvent dues \u00e0 une inflammation ou \u00e0 une d\u00e9t\u00e9rioration des nerfs qui entrent et sortent de la moelle \u00e9pini\u00e8re. L\u2019inflammation des nerfs peut \u00eatre, \u00e0 son tour, due \u00e0 une hernie discale ou \u00e0 des maladies telles que l\u2019arthrose. Dans ce cas, les douleurs sont g\u00e9n\u00e9ralement chroniques (qui durent plus d\u2019une semaine) et il est donc recommand\u00e9 de consulter un m\u00e9decin.[\/vc_column_text][\/vc_column][\/vc_row][vc_row css=\u00a0\u00bb.vc_custom_1513780995783{margin-top: 0px !important;background-color: #ffffff !important;}\u00a0\u00bb][vc_column css=\u00a0\u00bb.vc_custom_1513781003634{padding-bottom: 30px !important;}\u00a0\u00bb][mk_fancy_title color=\u00a0\u00bb#f58b26&Prime; size=\u00a0\u00bb16&Prime; font_weight=\u00a0\u00bb400&Prime; txt_transform=\u00a0\u00bbuppercase\u00a0\u00bb margin_top=\u00a0\u00bb15&Prime; margin_bottom=\u00a0\u00bb0&Prime; font_family=\u00a0\u00bbnone\u00a0\u00bb]Sympt\u00f4mes[\/mk_fancy_title][vc_column_text css=\u00a0\u00bb.vc_custom_1514469673964{margin-bottom: 0px !important;}\u00a0\u00bb]Les lombalgies de type aigu regroupent toutes les douleurs se situant dans le bas du dos. Ces douleurs peuvent, dans certains cas, s\u2019irradier vers d\u2019autres parties du corps, comme la r\u00e9gion fessi\u00e8re ou les jambes, et peuvent parfois provoquer des limitations de la mobilit\u00e9\/rigidit\u00e9 de la colonne vert\u00e9brale.[\/vc_column_text][\/vc_column][\/vc_row][vc_row css=\u00a0\u00bb.vc_custom_1513780995783{margin-top: 0px !important;background-color: #ffffff !important;}\u00a0\u00bb][vc_column css=\u00a0\u00bb.vc_custom_1513781003634{padding-bottom: 30px !important;}\u00a0\u00bb][mk_fancy_title color=\u00a0\u00bb#f58b26&Prime; size=\u00a0\u00bb16&Prime; font_weight=\u00a0\u00bb400&Prime; txt_transform=\u00a0\u00bbuppercase\u00a0\u00bb margin_top=\u00a0\u00bb15&Prime; margin_bottom=\u00a0\u00bb0&Prime; font_family=\u00a0\u00bbnone\u00a0\u00bb]Conseils[\/mk_fancy_title][vc_column_text css=\u00a0\u00bb.vc_custom_1514469690200{margin-bottom: 0px !important;}\u00a0\u00bb]En cas de maux de dos aigus, il est vivement conseill\u00e9 de faire une activit\u00e9 physique pour renforcer la structure musculaire et du stretching pour allonger la musculature.<br \/>\nUn aspect important est la sensibilisation en mati\u00e8re d\u2019ergonomie, afin de corriger postures et mouvements erron\u00e9s pouvant provoquer les maux de dos ou, carr\u00e9ment, les aggraver.<br \/>\nLes massages, la manipulation dorsale, l\u2019acuponcture ou encore les compresses chaudes ou froides ou les soins en cure thermale peuvent \u00e9galement aider \u00e0 am\u00e9liorer la situation.<br \/>\nComme traitement m\u00e9dicamenteux de soutien, les anti-inflammatoires non st\u00e9ro\u00efdiens tels que\u00a0<strong>l\u2019Ibuprof\u00e8ne<\/strong>\u00a0peuvent aider \u00e0 soulager les douleurs.[\/vc_column_text][\/vc_column][\/vc_row][vc_row css=\u00a0\u00bb.vc_custom_1513784064536{margin-top: 0px !important;background-color: #ffffff !important;}\u00a0\u00bb][vc_column width=\u00a0\u00bb1\/12&Prime; css=\u00a0\u00bb.vc_custom_1513784056783{padding-bottom: 30px !important;}\u00a0\u00bb][\/vc_column][vc_column width=\u00a0\u00bb10\/12&Prime;][vc_basic_grid post_type=\u00a0\u00bbpage\u00a0\u00bb max_items=\u00a0\u00bb-1&Prime; gap=\u00a0\u00bb5&Prime; order=\u00a0\u00bbASC\u00a0\u00bb item=\u00a0\u00bb795&Prime; initial_loading_animation=\u00a0\u00bbnone\u00a0\u00bb grid_id=\u00a0\u00bbvc_gid:1588235860550-da287509-5fd9-6&Prime; taxonomies=\u00a0\u00bb422&Prime;][\/vc_column][vc_column width=\u00a0\u00bb1\/12&Prime;][\/vc_column][\/vc_row]\n<\/div>","protected":false},"excerpt":{"rendered":"<p>[vc_row css=\u00a0\u00bb.vc_custom_1513691470144{margin-top: 40px !important;}\u00a0\u00bb][vc_column css=\u00a0\u00bb.vc_custom_1513688629508{padding-bottom: 30px !important;background-color: #ffffff !important;}\u00a0\u00bb][mk_fancy_title tag_name=\u00a0\u00bbh1&Prime; color=\u00a0\u00bb#f58b26&Prime; size=\u00a0\u00bb34&Prime; font_weight=\u00a0\u00bb400&Prime; txt_transform=\u00a0\u00bbuppercase\u00a0\u00bb margin_top=\u00a0\u00bb15&Prime; margin_bottom=\u00a0\u00bb10&Prime; font_family=\u00a0\u00bbnone\u00a0\u00bb]Maux de dos[\/mk_fancy_title][mk_fancy_title color=\u00a0\u00bb#f58b26&Prime; size=\u00a0\u00bb16&Prime; font_weight=\u00a0\u00bb400&Prime; txt_transform=\u00a0\u00bbuppercase\u00a0\u00bb margin_bottom=\u00a0\u00bb10&Prime; font_family=\u00a0\u00bbnone\u00a0\u00bb]Qu\u2019est-ce que c\u2019est[\/mk_fancy_title][\/vc_column][\/vc_row][vc_row css=\u00a0\u00bb.vc_custom_1513780995783{margin-top: 0px !important;background-color: #ffffff !important;}\u00a0\u00bb][vc_column width=\u00a0\u00bb3\/4&Prime; css=\u00a0\u00bb.vc_custom_1513781003634{padding-bottom: 30px !important;}\u00a0\u00bb][vc_column_text css=\u00a0\u00bb.vc_custom_1514469605119{margin-bottom: 0px !important;}\u00a0\u00bb]Le mal de dos, ou lombalgie, est une douleur tr\u00e8s diffuse. En Suisse, c\u2019est l\u2019un des cinq [&hellip;]<\/p>\n","protected":false},"author":2,"featured_media":2913,"parent":2300,"menu_order":0,"comment_status":"closed","ping_status":"closed","template":"","meta":{"_monsterinsights_skip_tracking":false,"_monsterinsights_sitenote_active":false,"_monsterinsights_sitenote_note":"","_monsterinsights_sitenote_category":0,"footnotes":""},"categories":[891],"tags":[],"yst_prominent_words":[1256,1314,1310,1326,1325,1324,1304,1327,1320,1311,1221,1308,1316,1313,1265,1123,1309,152,1315,1312],"class_list":["post-2369","page","type-page","status-publish","has-post-thumbnail","hentry","category-aree-del-dolore-fr"],"_links":{"self":[{"href":"https:\/\/www.dolospedifen.ch\/fr\/wp-json\/wp\/v2\/pages\/2369","targetHints":{"allow":["GET"]}}],"collection":[{"href":"https:\/\/www.dolospedifen.ch\/fr\/wp-json\/wp\/v2\/pages"}],"about":[{"href":"https:\/\/www.dolospedifen.ch\/fr\/wp-json\/wp\/v2\/types\/page"}],"author":[{"embeddable":true,"href":"https:\/\/www.dolospedifen.ch\/fr\/wp-json\/wp\/v2\/users\/2"}],"replies":[{"embeddable":true,"href":"https:\/\/www.dolospedifen.ch\/fr\/wp-json\/wp\/v2\/comments?post=2369"}],"version-history":[{"count":0,"href":"https:\/\/www.dolospedifen.ch\/fr\/wp-json\/wp\/v2\/pages\/2369\/revisions"}],"up":[{"embeddable":true,"href":"https:\/\/www.dolospedifen.ch\/fr\/wp-json\/wp\/v2\/pages\/2300"}],"wp:featuredmedia":[{"embeddable":true,"href":"https:\/\/www.dolospedifen.ch\/fr\/wp-json\/wp\/v2\/media\/2913"}],"wp:attachment":[{"href":"https:\/\/www.dolospedifen.ch\/fr\/wp-json\/wp\/v2\/media?parent=2369"}],"wp:term":[{"taxonomy":"category","embeddable":true,"href":"https:\/\/www.dolospedifen.ch\/fr\/wp-json\/wp\/v2\/categories?post=2369"},{"taxonomy":"post_tag","embeddable":true,"href":"https:\/\/www.dolospedifen.ch\/fr\/wp-json\/wp\/v2\/tags?post=2369"},{"taxonomy":"yst_prominent_words","embeddable":true,"href":"https:\/\/www.dolospedifen.ch\/fr\/wp-json\/wp\/v2\/yst_prominent_words?post=2369"}],"curies":[{"name":"wp","href":"https:\/\/api.w.org\/{rel}","templated":true}]}}

<div class="wpb-content-wrapper">[vc_row css= ».vc_custom_1513691470144{margin-top: 40px !important;} »][vc_column css= ».vc_custom_1513688629508{padding-bottom: 30px !important;background-color: #ffffff !important;} »][mk_fancy_title tag_name= »h1&Prime; color= »#f58b26&Prime; size= »34&Prime; font_weight= »400&Prime; txt_transform= »uppercase » margin_top= »15&Prime; margin_bottom= »10&Prime; font_family= »none »]Maux de dos[/mk_fancy_title][mk_fancy_title color= »#f58b26&Prime; size= »16&Prime; font_weight= »400&Prime; txt_transform= »uppercase » margin_bottom= »10&Prime; font_family= »none »]Qu’est-ce que c’est[/mk_fancy_title][/vc_column][/vc_row][vc_row css= ».vc_custom_1513780995783{margin-top: 0px !important;background-color: #ffffff !important;} »][vc_column width= »3/4&Prime; css= ».vc_custom_1513781003634{padding-bottom: 30px !important;} »][vc_column_text css= ».vc_custom_1514469605119{margin-bottom: 0px !important;} »]Le mal de dos, ou lombalgie, est une douleur très diffuse. En Suisse, c’est l’un des cinq motifs de consultation les plus fréquents.<br />
Des données récentes estiment que 80% de la population suisse souffre de maux de dos avec une fréquence qui va de un épisode par année à plusieurs épisodes par semaine. Les femmes en souffrent plus souvent que les hommes et la prévalence est plus élevée chez les personnes âgées.[/vc_column_text][/vc_column][vc_column width= »1/4&Prime;][vc_single_image image= »2933&Prime; img_size= »full » alignment= »center »][/vc_column][/vc_row][vc_row css= ».vc_custom_1513780995783{margin-top: 0px !important;background-color: #ffffff !important;} »][vc_column css= ».vc_custom_1513781003634{padding-bottom: 30px !important;} »][mk_fancy_title color= »#f58b26&Prime; size= »16&Prime; font_weight= »400&Prime; txt_transform= »uppercase » margin_top= »15&Prime; margin_bottom= »0&Prime; font_family= »none »]Classification[/mk_fancy_title][vc_column_text css= ».vc_custom_1514469621895{margin-bottom: 0px !important;} »]85% des cas de maux de dos ne sont pas liés à une cause précise et peuvent être considérés comme bénin. Les médecins parlent de causes non spécifiques, comme par ex. des contractions musculaires du dos dues à un effort, un manque d’exercice physique, une mauvaise posture ou un style de vie sédentaire. En effet, les muscles dorsaux se contractent en cas de surcharge ou s’ils sont faibles. Le froid et les courants d’air peuvent également provoquer ce genre de contractures musculaires.[/vc_column_text][/vc_column][/vc_row][vc_row css= ».vc_custom_1513780995783{margin-top: 0px !important;background-color: #ffffff !important;} »][vc_column css= ».vc_custom_1513781003634{padding-bottom: 30px !important;} »][vc_column_text css= ».vc_custom_1514469647887{margin-bottom: 0px !important;} »]Les 15% restants sont par contre attribuables à une cause spécifique. Ces douleurs sont dues à une modification structurelle de la colonne vertébrale ou à une maladie et sont souvent dues à une inflammation ou à une détérioration des nerfs qui entrent et sortent de la moelle épinière. L’inflammation des nerfs peut être, à son tour, due à une hernie discale ou à des maladies telles que l’arthrose. Dans ce cas, les douleurs sont généralement chroniques (qui durent plus d’une semaine) et il est donc recommandé de consulter un médecin.[/vc_column_text][/vc_column][/vc_row][vc_row css= ».vc_custom_1513780995783{margin-top: 0px !important;background-color: #ffffff !important;} »][vc_column css= ».vc_custom_1513781003634{padding-bottom: 30px !important;} »][mk_fancy_title color= »#f58b26&Prime; size= »16&Prime; font_weight= »400&Prime; txt_transform= »uppercase » margin_top= »15&Prime; margin_bottom= »0&Prime; font_family= »none »]Symptômes[/mk_fancy_title][vc_column_text css= ».vc_custom_1514469673964{margin-bottom: 0px !important;} »]Les lombalgies de type aigu regroupent toutes les douleurs se situant dans le bas du dos. Ces douleurs peuvent, dans certains cas, s’irradier vers d’autres parties du corps, comme la région fessière ou les jambes, et peuvent parfois provoquer des limitations de la mobilité/rigidité de la colonne vertébrale.[/vc_column_text][/vc_column][/vc_row][vc_row css= ».vc_custom_1513780995783{margin-top: 0px !important;background-color: #ffffff !important;} »][vc_column css= ».vc_custom_1513781003634{padding-bottom: 30px !important;} »][mk_fancy_title color= »#f58b26&Prime; size= »16&Prime; font_weight= »400&Prime; txt_transform= »uppercase » margin_top= »15&Prime; margin_bottom= »0&Prime; font_family= »none »]Conseils[/mk_fancy_title][vc_column_text css= ».vc_custom_1514469690200{margin-bottom: 0px !important;} »]En cas de maux de dos aigus, il est vivement conseillé de faire une activité physique pour renforcer la structure musculaire et du stretching pour allonger la musculature.<br />
Un aspect important est la sensibilisation en matière d’ergonomie, afin de corriger postures et mouvements erronés pouvant provoquer les maux de dos ou, carrément, les aggraver.<br />
Les massages, la manipulation dorsale, l’acuponcture ou encore les compresses chaudes ou froides ou les soins en cure thermale peuvent également aider à améliorer la situation.<br />
Comme traitement médicamenteux de soutien, les anti-inflammatoires non stéroïdiens tels que <strong>l’Ibuprofène</strong> peuvent aider à soulager les douleurs.[/vc_column_text][/vc_column][/vc_row][vc_row css= ».vc_custom_1513784064536{margin-top: 0px !important;background-color: #ffffff !important;} »][vc_column width= »1/12&Prime; css= ».vc_custom_1513784056783{padding-bottom: 30px !important;} »][/vc_column][vc_column width= »10/12&Prime;][vc_basic_grid post_type= »page » max_items= »-1&Prime; gap= »5&Prime; order= »ASC » item= »795&Prime; initial_loading_animation= »none » grid_id= »vc_gid:1588235860550-da287509-5fd9-6&Prime; taxonomies= »422&Prime;][/vc_column][vc_column width= »1/12&Prime;][/vc_column][/vc_row]
</div>

<p>[vc_row css= ».vc_custom_1513691470144{margin-top: 40px !important;} »][vc_column css= ».vc_custom_1513688629508{padding-bottom: 30px !important;background-color: #ffffff !important;} »][mk_fancy_title tag_name= »h1&Prime; color= »#f58b26&Prime; size= »34&Prime; font_weight= »400&Prime; txt_transform= »uppercase » margin_top= »15&Prime; margin_bottom= »10&Prime; font_family= »none »]Maux de dos[/mk_fancy_title][mk_fancy_title color= »#f58b26&Prime; size= »16&Prime; font_weight= »400&Prime; txt_transform= »uppercase » margin_bottom= »10&Prime; font_family= »none »]Qu’est-ce que c’est[/mk_fancy_title][/vc_column][/vc_row][vc_row css= ».vc_custom_1513780995783{margin-top: 0px !important;background-color: #ffffff !important;} »][vc_column width= »3/4&Prime; css= ».vc_custom_1513781003634{padding-bottom: 30px !important;} »][vc_column_text css= ».vc_custom_1514469605119{margin-bottom: 0px !important;} »]Le mal de dos, ou lombalgie, est une douleur très diffuse. En Suisse, c’est l’un des cinq [&hellip;]</p>
